atest common factor of 144 and g?
16
Suppose 1009 + 128 = 57*c - 231. What is the highest common divisor of 1464 and c?
24
Let z(o) = 55*o - 1129. Let v be z(40). Calculate the highest common divisor of 85 and v.
17
Suppose 6*k = -134 + 350. What is the greatest common divisor of k and 1212?
12
Let n(x) = -2*x**3 - 2*x + 105. Let z be n(0). Let j = 51 + z. Calculate the greatest common divisor of j and 60.
12
Suppose -272090 = -9*j + 35*j. Let x be (4/(-14) + j/245)*-11. Calculate the highest common factor of 11 and x.
11
Let o(r) = 13*r + 157. Let w be o(26). Suppose -6*t + w = 27*t. Calculate the greatest common divisor of t and 36.
3
Let y(a) = -a**3 + a - 5. Let k be y(-4). Let l(f) = 2*f - 26. Let w be l(-5). Let g = -31 - w. What is the greatest common factor of g and k?
5
Let n(c) = 2*c**3 - 3*c**2 - c - 6. Let a be n(3). Let h(s) = 24*s + 35. Let b be h(-5). Let l = b - -130. Calculate the greatest common divisor of a and l.
9
Let f be 4/(4/29) + -62 + 60. What is the greatest common factor of 8451 and f?
27
Let f = -239 - -239. Suppose -2*d = -x - 2*x + 13, -3*x + 4*d + 11 = f. Calculate the greatest common factor of 15 and x.
5
Suppose 2*t - 4 = -4*s - 0, 3*t + 4*s - 6 = 0. Suppose o + 3*g - 240 = -2*o, -t*g - 10 = 0. Calculate the highest common factor of 5 and o.
5
Let b = -199 + 199. Suppose -3*o + 99 = -3*m, b = 3*o - 8*m + 3*m - 93. Calculate the highest common divisor of 18 and o.
18
Let h(v) = -4*v - 14. Let u = 101 + -107. Let i be h(u). Suppose -m = 3*m - 100. Calculate the greatest common divisor of i and m.
5
Let a(k) = -k**2 + 31*k - 28. Let w be a(30). Suppose 3*v - 194 = -l + 200, 656 = 5*v + w*l. What is the highest common factor of v and 12?
12
Let a = 20056 - 20001. Let d be (1 + (-13 - -1))/(-1). What is the highest common factor of a and d?
11
Let l be (-13)/(468/632)*(-27)/3. What is the greatest common factor of 20935 and l?
79
Let s(m) be the second derivative of 1/6*m**4 + 0 + 3*m**3 + 12*m + 1/2*m**2. Let q be s(-10). What is the greatest common divisor of 84 and q?
21
Let j(x) = 237*x - 1602. Let l be j(7). Calculate the highest common factor of l and 684.
57
Let p(l) be the first derivative of 5*l**2/2 + 212*l + 95. Let a be p(-28). What is the greatest common factor of 48 and a?
24
Let m = -10 - -10. Suppose -z - 2 = -m*i - 2*i, 0 = 2*i - 6. Suppose -5*l - z = 4*k - 35, 5*k = -3*l + 42. What is the greatest common divisor of k and 1?
1
Suppose -213 + 57 = -4*l. Suppose l = -6*j + 63. Calculate the greatest common factor of 1 and j.
1
Let n be (15 - -321) + (28 - 8). Calculate the greatest common factor of n and 1335.
89
Suppose 0 = 6*j - 7*j + 37. Suppose 15 = -y + j. What is the greatest common factor of y and 473?
11
Suppose -a = 5*x - 5*a - 37, 3*x = 5*a + 30. Let q be 1/x + 2148/60. Calculate the highest common factor of 27 and q.
9
Suppose -3*w - 4*r = -275, -14*w + r = -13*w - 101. Let u = w + -86. Suppose j + 86 = 2*i, -3*j + 11 = 5. What is the greatest common divisor of i and u?
11
Let f = -566 - -601. Calculate the highest common factor of f and 70.
35
Suppose 0 = 74*t - 100*t + 4628. Calculate the greatest common divisor of 1602 and t.
178
Let x be 223 - -1 - ((4 - 1) + -4). Suppose 4*a + 3*b - x = 0, 0 = -2*a + 5*b + 103 + 16. What is the greatest common factor of 3 and a?
3
Suppose 2*y - 7*y - 10 = 0. Let q be 80 - (0/y)/3. Suppose -x + 0*x = -q. What is the highest common factor of 16 and x?
16
Suppose 7*w - 725 = 577. Let v = -153 + w. What is the greatest common factor of v and 24?
3
Let c(d) = 59*d**2. Let m be c(-3). Let u = -9404 - -9522. What is the highest common factor of u and m?
59
Let r(a) = 6*a - 10. Let b be (-1 + ((-20)/15 - -2))*-45. Let v be r(b). Let i be ((-16)/(-12))/((-2)/(-48)). Calculate the highest common factor of i and v.
16
Suppose -2*t + 26 = -0. Suppose 16 = t*q - 9*q. Suppose -5*n - q = -64. Calculate the highest common factor of n and 84.
12
Suppose -8 - 8 = -4*p. Let n be (-10)/4*(16/5 - p). Suppose a = 5*o + 4*a - 42, -a = 5*o - 34. Calculate the greatest common divisor of n and o.
2
Let z(x) = -x**2 + 11*x + 18. Let d = 127 - 121. Suppose -12*t + d = -102. Let h be z(t). Calculate the greatest common factor of 45 and h.
9
Let l be (-16)/(-12) + 1/(-3). Let q be l + -2 - 0 - -24*3. Let r = -48 + q. Calculate the greatest common divisor of 161 and r.
23
Let g(w) = 12*w**2 - 27*w - 252. Let q be g(-6). Let z(p) = 21*p**2 + 6*p + 3. Let s be z(-1). Calculate the greatest common factor of q and s.
18
Let g = -673 - -1564. Let x be 79 - ((-64)/(-24) + (-136)/6). Calculate the highest common divisor of x and g.
99
Let n = -2483 - -2799. Calculate the greatest common divisor of n and 16.
4
Suppose 0 = 82*c - 61*c + 273. Let v be 455 - c/((-91)/28). Calculate the greatest common factor of v and 33.
11
Let r(q) = 688*q + 2768. Let d be r(-4). What is the highest common divisor of 7184 and d?
16
Let s be -2*91/(-26) + (67 - -6). Calculate the highest common divisor of 3620 and s.
20
Let c be (-1)/((-6)/(-4 + -830)). Let o = -137 - c. Suppose 2*b = b - o*u + 403, -3*u = -4*b + 1590. What is the greatest common divisor of 57 and b?
57
Suppose -y = 0, 5*i - 5*y + 73 = -97. Let s = 40 + i. Let z = -69 + 123. Calculate the greatest common factor of z and s.
6
Let c be -5 + (-74)/(-10) + (-9)/(-15). Suppose -5*w + 132 + 34 = 4*y, -c*w + 126 = 3*y. Let d = 3 - -1. Calculate the greatest common divisor of y and d.
4
Suppose -5*y + 8 = -3*y. Suppose 2*a + 8 = y*a. Suppose -424*j - 2236 + 9020 = 0. Calculate the greatest common divisor of a and j.
4
Let a be (-10 + -8)*(-336)/54. Let g(m) = -7*m - 7. Let h be g(-5). Calculate the greatest common factor of h and a.
28
Let o be (-2)/((-2)/(-14)*2). Let d(i) = -i**3 - 6*i**2 + 5*i - 1. Let g be d(o). Suppose g*v = 16*v - 66. What is the highest common divisor of 242 and v?
22
Suppose -3430 = -24*p + 1562. Calculate the highest common factor of 144 and p.
16
Let j = 86921 + -57922. Calculate the greatest common factor of j and 47.
47
Let w = -27 + 51. Let g(y) = -15*y**3 - 18*y**2 - 13*y + 46. Let o be g(-2). Calculate the highest common divisor of w and o.
24
Suppose -16*r - 5258 = -52209 - 14505. What is the highest common factor of r and 46?
23
Suppose -630 = -45*u + 10*u. Suppose -6*n = -264 - 1572. Calculate the greatest common divisor of u and n.
18
Suppose 3*h - 26056 = -10*t + 6*t, -6*h + 52108 = 4*t. What is the greatest common divisor of h and 8?
4
Suppose 16*t - 3345 - 683 = 4292. Let b(r) = -r**3 - r**2 + 40. Let k be b(0). Calculate the highest common factor of t and k.
40
Let a(l) = l + 39. Suppose -7*v + 6 = -15. Let o = 3 - v. Let b be a(o). Calculate the greatest common divisor of b and 13.
13
Suppose -183740 - 926260 = -240*x. Calculate the highest common divisor of 74 and x.
37
Let x(n) = -4843*n**3 + 3*n**2 - 5*n - 7. Let t be x(-1). What is the greatest common divisor of t and 84?
28
Let u be 3/4*(-1 + -3). Let x(h) be the first derivative of -h**3/3 - 2*h**2 + 6*h - 207. Let b be x(u). What is the highest common factor of b and 171?
9
Let w(v) = -v**2 + v + 5825. Let t be w(72). Calculate the highest common divisor of t and 1643.
31
Suppose 19 + 338 = 5*z + 4*u, z + 2*u - 75 = 0. Let p be 23 + -6 + -12 + 18. What is the greatest common factor of p and z?
23
Suppose -42 = 2*u - 3*a, u = 2*a - 28 + 5. Let l(p) = p + 12. Let d be l(u). Let h be 36/10 + d/5. Calculate the greatest common factor of h and 6.
3
Let g(h) = 5*h**2 + 2*h - 1. Let u be g(1). Suppose u*j = 3*j + 105. Let n = -396 - -501. Calculate the greatest common factor of j and n.
35
Let q = -99 + 104. Suppose -100 = 7*t - 8*t + q*o, 2*o = 2. Calculate the highest common divisor of 30 and t.
15
Let z be (459/510)/(-3 + (-36)/(-10))*192. What is the greatest common divisor of z and 2688?
96
Let a = -2592 + 2677. What is the greatest common divisor of 145 and a?
5
Let a = -10 - -76. Suppose -66 = -3*k + 2*v, 154 = 4*k + 3*v + a. Suppose 13*l - 1936 = 2*l. What is the highest common factor of l and k?
22
Let d(a) = 515*a + 3314. Let q be d(-6). Calculate the greatest common factor of q and 5152.
224
Suppose 0 = 5*c + 2*w - 18, -14*w = 5*c - 10*w - 26. Suppose -188 = -c*o - 44. Calculate the greatest common divisor of o and 9.
9
Suppose 0 = 204*k - 153*